is u(15)?
-8
Let t(p) = 487*p**2 - 1987*p - 103. Calculate t(3).
-1681
Let v(l) = l**2 + 81*l - 2830. Determine v(26).
-48
Let c(v) = -v**2 + 406*v - 22700. Determine c(67).
13
Let z(s) = 5*s**3 - 50*s**2 - 713*s + 7166. Determine z(10).
36
Let j(s) = 2*s**3 - 56*s**2 + 196*s + 11. Calculate j(24).
107
Let t(y) = -43*y**2 + 773*y + 3836. Give t(-5).
-1104
Let w(n) = -6296*n + 18887. Determine w(3).
-1
Let a(z) = -142233*z + 1422410. Give a(10).
80
Let o(r) = 17105*r + 34145. Give o(-2).
-65
Let q(i) = i**3 - 697*i**2 + 4122*i + 16605. Give q(691).
21
Let h(w) = -354707*w - 17025925. Calculate h(-48).
11
Let h(a) = -6*a**2 - 13590*a - 229307. Give h(-17).
-11
Let d(b) = 3*b**3 - 2*b**2 + 156*b - 314. Calculate d(2).
14
Let x(g) = -3028*g + 393648. Determine x(130).
8
Let s(y) = 2266*y + 95409. Determine s(-42).
237
Let g(m) = -m**2 + 6657*m - 337182. What is g(51)?
-276
Let z(n) = -61438*n - 8109818. Determine z(-132).
-2
Let y(g) = 4652*g + 69803. Calculate y(-15).
23
Let t(c) = 1421*c + 284260. Give t(-200).
60
Let p(t) = -2*t**3 - 491*t**2 + 753*t + 2846. Give p(-247).
-118
Let b(f) = 4307833*f - 21539161. Give b(5).
4
Let f(r) = -23*r**2 - 1912*r + 129. Give f(-83).
378
Let j(s) = s**3 - 192*s**2 + 5487*s + 62. Give j(35).
-218
Let f(a) = -5*a**2 + 264*a + 522. Determine f(-2).
-26
Let a(u) = -50590*u + 8549706. Determine a(169).
-4
Let i(k) = k**3 + 24*k**2 - 192*k - 103. Calculate i(-31).
-878
Let b(f) = -18*f**2 + 535*f - 209. What is b(29)?
168
Let w(p) = 7*p**2 + 540*p + 2061. Determine w(-4).
13
Let l(g) = g**3 - 19*g**2 - 71*g + 968. Determine l(20).
-52
Let k(z) = -1295*z - 56677. Determine k(-40).
-4877
Let y(p) = -9*p**3 + 4*p**2 + 73*p + 66. Determine y(-2).
8
Let q(w) = -3*w**3 - 31*w**2 - 35*w - 102. Give q(-10).
148
Let g(k) = 3*k**3 - 1994*k**2 + 7269*k + 1355. What is g(661)?
33
Let f(v) = -30908*v + 185454. Calculate f(6).
6
Let x(o) = 1380*o - 164217. Calculate x(119).
3
Let d(o) = -11*o**2 - 1165*o + 2325. Give d(2).
-49
Let n(s) = -s**3 - 48*s**2 + 344*s - 282. Calculate n(-55).
1973
Let t(y) = 2*y**3 + 34*y**2 + 3095*y + 49056. Determine t(-16).
48
Let p(h) = h**3 - 557*h**2 + 3910*h - 32985. Determine p(550).
15
Let s(k) = k**3 - 109*k**2 - 99*k + 3. What is s(110)?
1213
Let d(g) = -g**2 - 104*g + 536. Calculate d(5).
-9
Let m(g) = -44073*g - 12164153. What is m(-276)?
-5
Let c(u) = 196627*u + 982984. Determine c(-5).
-151
Let b(s) = -8*s**3 - 240*s**2 - 38*s - 1133. Calculate b(-30).
7
Let o(m) = -163*m - 42261. What is o(-259)?
-44
Let r(v) = v**3 - 57*v**2 + 460*v - 169. Determine r(9).
83
Let a(j) = -4806*j - 14477. Calculate a(-3).
-59
Let b(a) = 15555*a + 1959934. Determine b(-126).
4
Let o(s) = -28*s**3 - 139*s**2 + 3*s + 30. Give o(-4).
-414
Let m(q) = 2034*q + 837980. Determine m(-412).
-28
Let y(d) = -206*d**2 + 23*d + 48. Give y(-2).
-822
Let d(v) = -5*v**3 + 96*v**2 - 540*v - 26. What is d(6)?
-890
Let h(z) = -3*z**3 - 48*z**2 + 233*z - 210. Calculate h(-20).
-70
Let t(f) = -4*f**2 + 501*f - 15595. Give t(63).
92
Let c(u) = -168548*u - 14663686. Determine c(-87).
-10
Let r(i) = 43432*i - 260698. Determine r(6).
-106
Let s(u) = -108456*u - 10303302. Calculate s(-95).
18
Let t(r) = -51*r**3 - 1582*r**2 + 160*r + 5928. Give t(-31).
7
Let g(k) = 2*k**3 + 60*k**2 + 148*k + 658. Give g(-28).
-350
Let z(p) = -99071*p - 1188854. Give z(-12).
-2
Let a(p) = 25599*p + 1510606. What is a(-59)?
265
Let x(r) = -11168*r - 22340. Give x(-2).
-4
Let f(x) = 297208*x - 4160924. Give f(14).
-12
Let t(o) = -2*o**3 - 235*o**2 - 1012*o + 557. Determine t(-113).
-8
Let s(r) = 6*r**2 + 200*r - 7176. Give s(-55).
-26
Let a(g) = -256*g**2 - 4759*g + 14307. Give a(3).
-2274
Let g(r) = 4*r**2 - 106*r - 155. Determine g(11).
-837
Let v(l) = -14*l**2 - 148*l + 145. Determine v(1).
-17
Let s(r) = -r**3 + 4*r**2 + 142*r + 93. Give s(-13).
1120
Let u(v) = -2*v**3 - 25*v**2 - 14*v + 344. Calculate u(-11).
135
Let y(a) = -3*a**3 - 154*a**2 - 283*a - 4141. Give y(-50).
9
Let q(r) = r**3 - 786*r**2 + 12314*r - 52. Give q(16).
-148
Let h(g) = 2*g**3 + 141*g**2 - 4050*g - 432. Determine h(22).
8
Let f(c) = c**2 - 5*c - 16501. Calculate f(131).
5
Let m(x) = x**2 + 495*x + 23214. What is m(-48)?
1758
Let n(w) = -8553*w + 735660. Give n(86).
102
Let k(y) = -y**3 + 64*y**2 + 19440*y - 2675. Determine k(175).
-50
Let s(g) = g**3 + 16*g**2 + 116*g + 245. Determine s(-5).
-60
Let q(i) = 3*i**3 + 32*i**2 - 49*i + 88. Determine q(-12).
100
Let c(d) = 3*d**2 + 1598*d + 165426. Determine c(-392).
2
Let j(z) = 15*z**2 - 1906*z + 100. What is j(127)?
-27
Let b(i) = -3*i**3 + 126*i**2 - 27*i + 263. Give b(42).
-871
Let u(n) = n**3 - 93*n**2 - 528*n - 90106. Determine u(106).
-6
Let c(l) = -4*l**2 - 2074*l - 20. Calculate c(0).
-20
Let u(p) = -p**3 + 1208*p**2 + 8453*p - 358. Calculate u(-7).
6
Let a(q) = -4197*q - 402866. Determine a(-96).
46
Let z(b) = 4*b**2 - 4186*b - 115911. Determine z(-27).
27
Let q(v) = v**3 - 51*v**2 + 112*v - 5608. Calculate q(51).
104
Let h(q) = 285501*q - 1713022. Give h(6).
-16
Let c(f) = -6*f**3 - 595*f**2 + 419*f - 8107. Give c(-100).
-7
Let u(s) = -2*s**2 - 751*s + 52356. Give u(60).
96
Let d(v) = -4124*v + 98985. Determine d(24).
9
Let i(a) = 1140*a - 106629. Give i(94).
531
Let u(q) = 21861*q - 153127. Give u(7).
-100
Let a(y) = -27*y**3 - 10679*y**2 - 16155*y - 387. What is a(-394)?
7
Let o(a) = -1372*a + 32955. Give o(24).
27
Let y(r) = 39852*r + 637641. Calculate y(-16).
9
Let a(l) = -l**3 + 36*l**2 + 227*l - 6029. What is a(38)?
-291
Let r(k) = 1496*k - 82259. Calculate r(55).
21
Let b(z) = 3*z**2 - 368*z - 1489. Calculate b(-4).
31
Let q(a) = -4*a**2 + 231*a - 243. What is q(56)?
149
Let s(p) = 546857*p - 8749706. What is s(16)?
6
Let w(p) = p**2 - 1615*p + 99321. What is w(64)?
57
Let i(l) = 1061*l - 16979. What is i(16)?
-3
Let a(l) = -24044*l - 5578200. What is a(-232)?
8
Let q(t) = 27*t**2 + 1328*t - 2296. What is q(-51)?
203
Let b(q) = -62455*q - 187356. What is b(-3)?
9
Let r(s) = 10*s**2 - 32*s + 67. What is r(0)?
67
Let r(j) = 13*j**2 + 191*j - 27. Give r(-17).
483
Let m(q) = -3*q**2 - 93*q - 855. Determine m(-14).
-141
Let h(u) = 3*u**3 + 76*u**2 - 31*u - 42. Calculate h(-26).
-588
Let s(g) = -3*g**3 + 6*g**2 + 1449*g + 396. Give s(-21).
396
Let m(t) = -t**2 - 6870*t + 103263. Give m(15).
-12
Let v(r) = -4*r**2 - 367*r + 1600. Determine v(-94).
754
Let s(r) = -4*r**2 + 39151*r + 117499. What is s(-3)?
10
Let l(j) = -2*j**3 - 4*j**2 - 100*j - 852. Give l(-7).
338
Let b(p) = -5568*p + 94480. What is b(16)?
5392
Let w(r) = -39*r**2 + 874*r - 4365. Give w(5).
-970
Let x(g) = -184*g**2 + 5077*g - 2920. Give x(27).
23
Let d(j) = j**3 + 66*j**2 + 61*j + 304. Determine d(-65).
564
Let u(y) = -214*y**2 - 51*y - 104. What is u(-2)?
-858
Let x(d) = 23721*d - 2158593. Determine x(91).
18
Let f(o) = 28359*o + 3232922. What is f(-114)?
-4
Let b(a) = 67*a + 95. Calculate b(-12).
-709
Let m(d) = d**2 + 1142*d - 362860. What is m(259)?
-1
Let u(b) = -121*b - 7294. Calculate u(-59).
-155
Let a(j) = -29*j**2 + 1188*j + 6715. Give a(46).
-1
Let r(g) = 4*g**2 - 1641*g + 20657. What is r(13)?
0
Let f(i) = -20*i**2 - 367*i + 779. Calculate f(2).
-35
Let v(s) = -1842*s**2 + 12840*s + 482. Determine v(7).
104
Let n(a) = -7917*a - 213694. Give n(-27).
65
Let r(c) = 11*c**2 + 225*c - 1481. Calculate r(6).
265
Let d(p) = 80*p**2 + 3665*p - 258. Give d(-46).
432
Let o(l) = -10230*l + 81809. What is o(8)?
-31
Let v(b) = -1719*b - 22371. Calculate v(-11).
-3462
Let n(k) = -4*k**2 + 6113*k - 295697. Determine n(50).
-47
Let n(j) = j**2 + 79*j + 1182. Calculate n(-27).
-222
Let w(o) = -6*o**2 - 630*o + 4335. Give w(6).
339
Let j(k) = -2*k**3 - 137*k**2 - 22681*k - 1569743. What is j(-69)?
7
Let k(w) = -16*w**2 - 425*w + 24. What is k(-28)?
-620
Let w(l) = -21*l**2 - 3182*l - 31167. Calculate w(-141).
-6
Let d(s) = -212*s**2 + 8902*s - 60. What is d(42)?
-144
Let f(v) = -697*v + 3362. Give f(2).
1968
Let m(s) = 201652*s + 1613218. Determine m(-8).
2
Let k(g) = 14*g + 722. Determine k(-35).
232
Let t(h) = -7522*h - 143150. Determine t(-19).
-232
Let v(h) = 8122*h**2 - 16272*h + 59. What is v(2)?
3
Let u(p) = -58*p**2 - 1684*p - 55. What is u(-29)?
3
Let f(t) = t**3 + 62*t**2 + 550*t - 2319. Give f(-15).
6
Let f(y) = 503*y + 11484. Determine f